= -2*i. Let t = i - -11. What are the prime factors of t?
2
Let n be ((-2)/4 + 0)*0. Suppose n*b + b = 6. List the prime factors of b.
2, 3
What are the prime factors of (-494)/(-3 + 5)*(-9)/9?
13, 19
Let a be (-2)/5 + (-574)/(-35). Let t = 35 - a. List the prime factors of t.
19
Suppose 11*w - 13*w = -102. List the prime factors of w.
3, 17
Let r(j) = j**3 - 10*j**2 - 12*j + 15. Let a be r(11). Suppose -31 = -h - 4*m + a, -4*m - 127 = -5*h. List the prime factors of h.
3
Suppose 0*k = -3*k + 51. Suppose 8 = 5*i - k. What are the prime factors of i?
5
What are the prime factors of (-196)/(-14)*(-6)/(-4)?
3, 7
Suppose -5*w - 2 - 3 = 0. Let b(a) = -10*a**2 + 1. Let s(k) = -19*k**2 + 2. Let h(p) = 7*b(p) - 4*s(p). What are the prime factors of h(w)?
5
Let d = 23 + -21. Suppose -n - d*v + 7 = -13, -20 = -3*n + 2*v. What are the prime factors of n?
2, 5
Suppose w - 15 = -70. Let t = 105 + w. List the prime factors of t.
2, 5
List the prime factors of (-3)/1 - (-35 + (4 - 1)).
29
Let c(j) = 4*j + 10. Let s be c(9). Suppose y = 4*l - s, -y + 28 = 2*l - 4*y. List the prime factors of l.
11
List the prime factors of (-2)/7 + 290/35.
2
Let x be 2/8 + 26/(-8). List the prime factors of -1 - x - 18/(-2).
11
Suppose 35 + 241 = 4*a + 5*j, -3*a + 207 = j. Suppose -4*n = -4*x + 76, -4*x + 0*n - 3*n = -a. List the prime factors of x.
2, 3
Suppose -5*w - 5*v + 182 = 22, 20 = w - 2*v. List the prime factors of w.
2, 7
Let v = 3 - -18. List the prime factors of v.
3, 7
Suppose 3*j + d - 3 = 27, -d + 50 = 5*j. Let m(c) be the first derivative of c**4/4 - 10*c**3/3 + c**2/2 + c - 1. List the prime factors of m(j).
11
Suppose 4 = 2*x - v - 1, -4*x - 5*v + 45 = 0. List the prime factors of x.
5
Let a = -64 + 118. Suppose -14 - a = -4*p. List the prime factors of p.
17
Let j(s) = 2*s**2 + 5*s + 4. Let u(i) = -i. Let r = -4 + 7. Let o be u(r). What are the prime factors of j(o)?
7
Let k(z) = -50*z. Let a be k(-1). Suppose -4*o = o + 4*f - a, 20 = 2*o + 4*f. What are the prime factors of o?
2, 5
Let u = -19 + 67. List the prime factors of u.
2, 3
Let c = -46 - -52. What are the prime factors of c?
2, 3
Let g = 5 + -2. Suppose 0*u = g*u - 24. List the prime factors of u.
2
Let r(v) = v**2 + v + 1. Let x be r(-2). List the prime factors of (-1)/(x/(-72)*2).
2, 3
Suppose r - 69 = -5*b, 3*r - 3*b + 27 = 180. List the prime factors of r.
2, 3
Suppose 28 = -5*i - 4*j - 9, 7 = -i - j. Let c = -5 - i. Suppose 0 = 2*s - 14 - c. What are the prime factors of s?
3
Let u = 26 + 32. Suppose 0 = 5*i - s - 0*s - u, 2*i - 19 = -s. List the prime factors of i.
11
List the prime factors of ((-51)/(-34))/(3/388).
2, 97
Suppose -2*f = 6*f - 1856. List the prime factors of f.
2, 29
Suppose q - 99 + 2 = -4*k, 333 = 4*q + 5*k. What are the prime factors of q?
7, 11
Suppose -4*j + 1 = -7. Suppose -60 = -2*b - 5*h, -28 = -b - 0*b - j*h. List the prime factors of b.
2, 5
Suppose 0 = 5*p + 3 + 62. Let k be 2/4 - p/2. What are the prime factors of 2/(k/(77/2))?
11
Suppose g = -g + 6. Suppose 3*y + 0*y = 5*u - 48, -u = g*y - 6. List the prime factors of u.
3
Suppose 6 = -z + 4*z. Let x be 2 + z + -2 - -34. Suppose 4*v = -0*v + x. List the prime factors of v.
3
Suppose 5*u + 0 - 225 = 0. Suppose 0 = -2*o - 3*o + u. List the prime factors of o.
3
Let g(o) = o**3 - 18*o**2 + 21*o - 3. List the prime factors of g(17).
5, 13
Let d(i) = i - 8. Let g be d(8). Suppose -y + 19 + 23 = g. List the prime factors of y.
2, 3, 7
Suppose -4 = -s - 5. Let v(c) = -c**3. Let o be v(s). List the prime factors of 3 - 0 - (0 + o).
2
Let f(o) = -o + 1. Suppose -5 = -5*y + 5. Let h(r) = 1. Let b(j) = y*f(j) + h(j). What are the prime factors of b(-4)?
11
Let n(q) = q**3 + 12*q**2 + 10*q + 15. List the prime factors of n(-11).
2, 13
Let g = 6 - 10. Let v(d) = 2*d - 1. Let f be v(4). Let l = g + f. List the prime factors of l.
3
Suppose -7*f + 28 = -3*f. Let t(w) = -w**2 + 8*w + 3. List the prime factors of t(f).
2, 5
Let v = 51 + -29. Suppose -3*c = 4*u, 5*u - u = 3*c. Suppose u = -2*s - 0*s + v. List the prime factors of s.
11
Let a be (-47)/(-6) - (-4)/24. Suppose 5*n + 3 = a. Let b(q) = 10*q. What are the prime factors of b(n)?
2, 5
Let b(n) = 0*n + 2*n - 4*n - 5 - 5. Let s be b(-7). Let k(p) = -p**3 + 5*p**2 - 4*p + 4. What are the prime factors of k(s)?
2
Let k be (-3)/4 + 1455/20. Suppose 2*s - 5*j = 86, -2*s + 6 = -3*j - k. List the prime factors of s.
3, 11
Let k(n) = n - 1. Suppose 3*g - c = 4*g - 5, 3*g = -5*c + 19. Let j be k(g). Suppose -j*l + 26 = -4*f, -2*l + 4*l - 14 = f. What are the prime factors of l?
5
Let m be ((-48)/(-4))/3 + -2. Suppose 110 - 10 = m*t. List the prime factors of t.
2, 5
Suppose 280 = 5*d + 5*g, 5*d - 224 = 4*g + 92. List the prime factors of d.
2, 3, 5
Let n = 154 - 92. What are the prime factors of n?
2, 31
Let y be (4 + -6 - 0) + 2. Suppose 6*h - 4*h - 30 = y. What are the prime factors of h?
3, 5
Suppose 79*k = 85*k - 966. List the prime factors of k.
7, 23
Let p(x) = x**2 + 10*x - 13. What are the prime factors of p(6)?
83
Suppose 0*k + 2*k = 4*f - 128, -5*f - 4*k = -134. List the prime factors of f.
2, 3, 5
Let f(v) = v**2 - v. Let h(b) = 9*b**2 - 3*b - 2. Let d(j) = -f(j) + h(j). List the prime factors of d(2).
2, 13
Suppose -x + 500 = 5*b, -5*b + x + 254 + 246 = 0. List the prime factors of b.
2, 5
Let x = 155 - 107. Suppose -m = m - x. What are the prime factors of m?
2, 3
Let r = -1 + 1. Suppose r = -0*d - d. Suppose -3 = -d*m - m. List the prime factors of m.
3
Let h(g) = g - 4. Suppose 5*q - 22 = -2. Let i be h(q). Suppose i = -2*p - 2 + 22. List the prime factors of p.
2, 5
Let n be 1 - 0 - (-1)/(-1). Let f(c) = 2*c + 0*c - 4 + n*c. List the prime factors of f(7).
2, 5
Let l be -13*1 - (-2 + 1). Let u = 25 + l. List the prime factors of u.
13
Suppose 5*u = -f - f + 83, 4*f + 5*u = 171. List the prime factors of f.
2, 11
Let s(g) be the second derivative of g**4/6 - g**3/6 - 3*g**2/2 - 2*g. Let y be s(3). Let c = y - 6. What are the prime factors of c?
2, 3
Let w = -18 + 46. List the prime factors of w.
2, 7
Let g = -115 + 241. List the prime factors of g.
2, 3, 7
Let j(d) = 44*d**2 - d - 2. What are the prime factors of j(-1)?
43
Let y(h) = -7*h**3 + 3*h**2 + 3*h + 4. List the prime factors of y(-2).
2, 3, 11
Suppose 3*v - 2*v - 47 = 0. What are the prime factors of v?
47
Suppose 5 = -5*g + 25. Let z be (6/4)/(3/4). Suppose -c - 60 = -6*c + o, -g*c + z*o = -54. What are the prime factors of c?
11
Let n = 154 - 98. List the prime factors of n.
2, 7
Let z(y) = 6*y - 53. List the prime factors of z(12).
19
Let t = 1 + 1. What are the prime factors of -1 - (t + -14 + -1)?
2, 3
Let c = 5 + -9. Let i be 122/5 + c/10. Suppose 4*v = v + i. What are the prime factors of v?
2
Let s = -42 + 77. Suppose -4*c = -s - 37. List the prime factors of (3/9)/(2/c).
3
Let d(g) = -g**3 + g**2 + 6*g + 5. List the prime factors of d(-3).
23
Let w(f) = f + 12. What are the prime factors of w(0)?
2, 3
Let a(u) = -u**2 - 4*u + 7. Let v be a(-5). Suppose z = v*z - 29. List the prime factors of z.
29
Suppose -30 = -5*l - 5*o, 0 = -4*o - 2 - 6. Let b = l + -6. Suppose -v - a + 16 = 0, -2*a - b*a + 16 = 0. List the prime factors of v.
2, 3
Let z be (-86)/(-8) - (-2)/8. Suppose 3*s = 4*s - z. What are the prime factors of s?
11
Let c(z) = -z**3 - 7*z**2 + 8*z + 2. Let n be 15/12*(4 - 0). Suppose -n*r = 3*p + 49, -r + 5*p + 31 = -3*r. What are the prime factors of c(r)?
2
Let j(d) = 4*d - 7. Let c(z) = -z + 1. Let q(n) = -2*c(n) - j(n). List the prime factors of q(-7).
19
Suppose 11 + 13 = 4*h. Let q(s) = s**3 + 7*s**2 + 5*s - 6. Let r be q(-6). Let u = h + r. What are the prime factors of u?
2, 3
Suppose 5*m - 1 = 4*m. Suppose -3*u + 4*l - 2 = m, 2*l = 2*u. Let y = u - -2. List the prime factors of y.
5
Let q(n) be the third derivative of n**5/60 - n**3/2 - 2*n**2. What are the prime factors of q(-3)?
2, 3
Suppose -15*t = -10*t - 900. What are the prime factors of t?
2, 3, 5
Let r = -4 - -8. Suppose -r*j = 3 + 9, -6 = 2*z + 4*j. Suppose z*s - s - 24 = 0. What are the prime factors of s?
2, 3
Suppose -3*g + 0 = -18. List the prime factors of g + (1 - -1) + -4.
2
Let d(k) = -2*k - 9. Let v be 115/(-9) + 6/(-27). List the prime factors of d(v).
17
List the prime factors of ((-424)/6)/(1 + (-20)/12).
2, 